{"id":509,"date":"2020-03-06T18:10:50","date_gmt":"2020-03-06T18:10:50","guid":{"rendered":"https:\/\/reptyfood.com\/blog\/?page_id=509"},"modified":"2020-03-06T18:25:14","modified_gmt":"2020-03-06T18:25:14","slug":"pogona-barbata","status":"publish","type":"page","link":"https:\/\/reptyfood.com\/blog\/pogona-barbata\/","title":{"rendered":"Pogona Barbata"},"content":{"rendered":"<p>Pogona Barbata, come allevarla<\/p>\n<figure>\n\t\t\t\t\t\t\t\t\t\t\t<a href=\"https:\/\/www.flickr.com\/photos\/126237772@N07\/31654684254\" target=\"_blank\" rel=\"noopener noreferrer\"><br \/>\n<img loading=\"lazy\" decoding=\"async\" src=\"https:\/\/reptyfood.com\/blog\/wp-content\/uploads\/2020\/03\/31654684254_8d1cac10f4_b-300x200.jpg\" alt=\"pogona barbata\" srcset=\"https:\/\/reptyfood.com\/blog\/wp-content\/uploads\/2020\/03\/31654684254_8d1cac10f4_b-300x200.jpg 300w, https:\/\/reptyfood.com\/blog\/wp-content\/uploads\/2020\/03\/31654684254_8d1cac10f4_b-768x512.jpg 768w, https:\/\/reptyfood.com\/blog\/wp-content\/uploads\/2020\/03\/31654684254_8d1cac10f4_b-640x427.jpg 640w, https:\/\/reptyfood.com\/blog\/wp-content\/uploads\/2020\/03\/31654684254_8d1cac10f4_b.jpg 1024w\" sizes=\"auto, (max-width: 300px) 100vw, 300px\" width=\"300\" height=\"200\">\t\t\t\t\t\t\t\t<\/a><figcaption>Foto di Jules Farquhar 2017<\/figcaption><\/figure>\n<h2>Scheda allevamento Pogona barbata<\/h2>\n<p><strong>Descrizione<\/strong><\/p>\n<p>La <strong>pogona barbata <\/strong>\u00e8 un sauro della famiglia degli <a href=\"https:\/\/it.wikipedia.org\/wiki\/Agamidae\" target=\"_blank\" rel=\"noreferrer noopener\">Agamide<\/a>, endemico dell\u2019Australia<\/p>\n<p>La <strong>pogona <\/strong>o <strong>drago barbuto<\/strong> prende il suo nome da una caratteristica che accomune tutte le sottospecie, ovvero presenta sotto il mento tutte le \u201cspine\u201d che ricordano una barba. Quando sono minacciati la espandono facendola sembrare pi\u00f9 grande<\/p>\n<p>Alla nascita la <strong>pogona barbata <\/strong>\u00e8 lunga circa 8-9 cm, per poi diventare da adulta lunga tra i 55 e 70 cm. La maturazione sessuale avviene intorno ai 6-8 mesi.<\/p>\n<p>Questi meravigliosi sauri sono onnivori anche se da cuccioli preferiscono mangiare gli insetti per acquisire proteine e da adulti tendono a diventare pi\u00f9 vegetariani<\/p>\n<p>A differenza delle altre pogone, ha un indole molto aggressiva e non esiter\u00e0 mai, neanche da piccola a gonfiare la barba e ad attaccare.<\/p>\n<p>Sono molto pi\u00f9 rare da trovare in commercio, specialmente pure inoltre i prezzi si aggirano intorno alle 700,00\u20ac a baby<\/p>\n<p><strong>Il terrario<\/strong> per la pogona barbata<\/p>\n<p>Il terrario che ospiter\u00e0 il <strong>drago barbuto<\/strong> deve essere almeno 100x50x50 ( qualndo l\u2019animali \u00e8 adulto) e sar\u00e0 perfetto per un maschio o per due femmine. Vi consigliamo un terrario in legno che manterr\u00e0 il calore molto meglio di un terrario in vetro<\/p>\n<figure>\n\t\t\t\t\t\t\t\t\t\t\t<a href=\"https:\/\/www.facebook.com\/gekosterrar\/photos\/a.523190947761003\/2753389768074432\/?type=3&amp;theater\"><br \/>\n<img loading=\"lazy\" decoding=\"async\" src=\"https:\/\/reptyfood.com\/blog\/wp-content\/uploads\/2020\/03\/86826131_2753389771407765_5488348092614836224_o-300x143.jpg\" alt=\"terrario gekos terrari\" srcset=\"https:\/\/reptyfood.com\/blog\/wp-content\/uploads\/2020\/03\/86826131_2753389771407765_5488348092614836224_o-300x143.jpg 300w, https:\/\/reptyfood.com\/blog\/wp-content\/uploads\/2020\/03\/86826131_2753389771407765_5488348092614836224_o-1024x490.jpg 1024w, https:\/\/reptyfood.com\/blog\/wp-content\/uploads\/2020\/03\/86826131_2753389771407765_5488348092614836224_o-768x367.jpg 768w, https:\/\/reptyfood.com\/blog\/wp-content\/uploads\/2020\/03\/86826131_2753389771407765_5488348092614836224_o-640x306.jpg 640w, https:\/\/reptyfood.com\/blog\/wp-content\/uploads\/2020\/03\/86826131_2753389771407765_5488348092614836224_o.jpg 1338w\" sizes=\"auto, (max-width: 300px) 100vw, 300px\" width=\"300\" height=\"143\">\t\t\t\t\t\t\t\t<\/a><figcaption>Terrario costruito da Gekos terrari<\/figcaption><\/figure>\n<p><strong>Illuminazione<\/strong><\/p>\n<p>Il terrario della pogona barbata deve essere dotato di prese d\u2019aria alte nella parte in cui alloggeremo lo <a href=\"https:\/\/reptyfood.com\/55-lampade-spot-riscaldante\" target=\"_blank\" rel=\"noreferrer noopener\">spot riscaldante<\/a> , la <a href=\"https:\/\/reptyfood.com\/59-lampade-a-ioduri-metallici\" target=\"_blank\" rel=\"noreferrer noopener\">lampada a HID<\/a> o la <a href=\"https:\/\/reptyfood.com\/60-lampade-a-vapori-di-mercurio\" target=\"_blank\" rel=\"noreferrer noopener\">lampada a vapori di mercurio<\/a> e basse nel lato opposto del terrario.<\/p>\n<p>Le <a href=\"https:\/\/reptyfood.com\/55-lampade-spot-riscaldante\" target=\"_blank\" rel=\"noreferrer noopener\">lamapde riscaldanti spot<\/a> andranno sempre accompagnate da un <a href=\"https:\/\/reptyfood.com\/lampade-e-neon-uvb\/347-538-arcadia-t5-d3-12.html#\/236-neon_t5-24w_55_cm\" target=\"_blank\" rel=\"noreferrer noopener\">neon UVB <\/a>che servir\u00e0 per l\u2019assimilazione del calcio da parte delle ossa del rettile. Ci sono molti tipi di lampade con varie percentuali, il minimo consgliato per\u00f2 \u00e8 quelle al 5%<\/p>\n<p>Sia che usiamo le lampade spot sia vogliamo utilizzare le HID o le lampade ai vapori di mercurio dobbiamo sempre controllare che nel punto BASKING la temperatura sia di 38\u00b0-40\u00b0, cos\u00ec da creare poi la zona calda con una temperatura di 30\u00b0-34\u00b0 e una zona fredda di 26\u00b0-28\u00b0<\/p>\n<p>Per quanto riguarda il substrato, consigliamo di non usare la sabbia a meno che il drago non sia adulto e la sabbia non contenga calcio.<br \/>\nPossiamo utilizzare del linoleum o del tappetino verde finto prato.<\/p>\n<figure>\n\t\t\t\t\t\t\t\t\t\t\t<a href=\"www.reptyfood.com\"><br \/>\n<img loading=\"lazy\" decoding=\"async\" src=\"https:\/\/reptyfood.com\/blog\/wp-content\/uploads\/2020\/03\/ILLUMINAZIONE.png\" alt=\"LAMPADE PER CAMALEONTE\" width=\"200\" height=\"163\">\t\t\t\t\t\t\t\t<\/a><figcaption>Lampade consigliate per pogona<\/figcaption><\/figure>\n<p><strong>Alimentazione<\/strong><\/p>\n<p>La <strong>pogona vitticeps<\/strong>, come gi\u00e0 annunciato \u00e8 un sauro onnivoro. Sar\u00e0 buona abitudine fornirgli la mattina la verdura (rucola, radicchio, scarola, insalate rosse e indivia, tarassaco e sporadicamente di possono dare fiori di zucca, ibisco, trifoglio bianco , malva)<\/p>\n<figure>\n\t\t\t\t\t\t\t\t\t\t\t<a href=\"https:\/\/reptyfood.com\/34-blatte-dubia\"><br \/>\n<img loading=\"lazy\" decoding=\"async\" src=\"https:\/\/reptyfood.com\/blog\/wp-content\/uploads\/2020\/03\/blatte-dubia1.png\" alt=\"blatte dubia(1)\" srcset=\"https:\/\/reptyfood.com\/blog\/wp-content\/uploads\/2020\/03\/blatte-dubia1.png 544w, https:\/\/reptyfood.com\/blog\/wp-content\/uploads\/2020\/03\/blatte-dubia1-300x233.png 300w\" sizes=\"auto, (max-width: 544px) 100vw, 544px\" width=\"544\" height=\"422\">\t\t\t\t\t\t\t\t<\/a><figcaption>Blatte dubia<\/figcaption><\/figure>\n<figure>\n\t\t\t\t\t\t\t\t\t\t\t<a href=\"https:\/\/reptyfood.com\/25-locuste-per-rettili\"><br \/>\n<img loading=\"lazy\" decoding=\"async\" src=\"https:\/\/reptyfood.com\/blog\/wp-content\/uploads\/2020\/03\/locuste2.png\" alt=\"locuste\" srcset=\"https:\/\/reptyfood.com\/blog\/wp-content\/uploads\/2020\/03\/locuste2.png 544w, https:\/\/reptyfood.com\/blog\/wp-content\/uploads\/2020\/03\/locuste2-300x233.png 300w\" sizes=\"auto, (max-width: 544px) 100vw, 544px\" width=\"544\" height=\"422\">\t\t\t\t\t\t\t\t<\/a><figcaption>locuste<\/figcaption><\/figure>\n<figure>\n\t\t\t\t\t\t\t\t\t\t<img loading=\"lazy\" decoding=\"async\" src=\"https:\/\/reptyfood.com\/blog\/wp-content\/uploads\/2020\/03\/insalata-mix.png\" alt=\"\" srcset=\"https:\/\/reptyfood.com\/blog\/wp-content\/uploads\/2020\/03\/insalata-mix.png 544w, https:\/\/reptyfood.com\/blog\/wp-content\/uploads\/2020\/03\/insalata-mix-300x233.png 300w\" sizes=\"auto, (max-width: 544px) 100vw, 544px\" width=\"544\" height=\"422\"><figcaption>mix di verdure<\/figcaption><\/figure>\n<p>Pi\u00f9 tardi possiamo somministrare gli insetti (<a href=\"https:\/\/reptyfood.com\/24-grilli-da-pasto\" target=\"_blank\" rel=\"noreferrer noopener\">grilli <\/a>, <a href=\"https:\/\/reptyfood.com\/34-blatte-dubia\" target=\"_blank\" rel=\"noreferrer noopener\">blatte dubia<\/a> e <a href=\"https:\/\/reptyfood.com\/36-blatte-lateralis-medie\" target=\"_blank\" rel=\"noreferrer noopener\">blatte lateralis<\/a>, <a href=\"https:\/\/reptyfood.com\/25-locuste-per-rettili\" target=\"_blank\" rel=\"noreferrer noopener\">locuste<\/a> e dai 4 mesi di et\u00e0 in poi possiamo dare sporadicamente <a href=\"https:\/\/reptyfood.com\/39-tarme-e-caimani\" target=\"_blank\" rel=\"noreferrer noopener\">tarme della farina e caimani<\/a>)<\/p>\n<p>Gli insetti da pasto andranno spolverati con <a href=\"https:\/\/reptyfood.com\/calcio-puro\/158-zoo-med-repti-calcium-097612133035.html\" target=\"_blank\" rel=\"noreferrer noopener\">calcio<\/a> e <a href=\"https:\/\/reptyfood.com\/calcio-vitamina-d3\/159-zoo-med-repti-calcium-d3-097612134032.html\" target=\"_blank\" rel=\"noreferrer noopener\">calcio+d3<\/a>. Tutti i giorni il calcio puro e 2 volte a settimana il calcio +d3.<\/p>\n<figure>\n\t\t\t\t\t\t\t\t\t\t\t<a href=\"https:\/\/reptyfood.com\/ricerca?controller=search&amp;s=calcio\"><br \/>\n<img loading=\"lazy\" decoding=\"async\" src=\"https:\/\/reptyfood.com\/blog\/wp-content\/uploads\/2020\/03\/INTEGRAZIONE.png\" alt=\"INTEGRATORI PER poogna\" width=\"200\" height=\"163\">\t\t\t\t\t\t\t\t<\/a><figcaption>Calcio + d3 e calcio puro<\/figcaption><\/figure>\n<p>Accoppiamento delle <b>pogona barbata<\/b><\/p>\n<p>In questa fase sar\u00e0 uno spasso notare le fasi di corteggiamento che possono durare da pochi minuti a pi\u00f9 giorni. L\u2019accoppiamento dura pochi secondi\/minuti e sar\u00e0 preceduta dalla presa del maschio che morder\u00e0 la femmina sulle spine dorsali. Il maschio sar\u00e0 molto violento<\/p>\n<p><strong>Riproduzione<\/strong><\/p>\n<p>&nbsp;Le <strong>pogona barbata <\/strong>vengono considerate adulte quando raggiungo un&nbsp;peso di 250gr.<\/p>\n<p>E\u2019 probabile che la femmina smetta di alimentarsi anche una settimana prima della deposizione. A questo punto inseriamo una vaschetta di plastica con della torba mantenuta umida e nella zona fredda della teca cos\u00ec da poter cominciare a scavare.<\/p>\n<p>Dopo circa 20\/25 giorni avverr\u00e0 la deposizione. In genere la femmina molto attenta copre le uova riparandole dalla luce diretta, ma pu\u00f2 capitare che l\u2019irascibilit\u00e0 del momento porti a danneggiare le uova<\/p>\n<h2><strong>Incubazione<\/strong><\/h2>\n<p>Le uova deposte dovranno essere contrassegnate con un pennarello sulla parte superiore prima di essere prelevate dalla vaschetta di deposizione. Questo ci garantir\u00e0 che l\u2019embrione non si distacchi dalla parete dell\u2019uovo danneggiandolo irrimediabilmente.<\/p>\n<p>Sistemiamo le uova, con il segno rivolto verso l\u2019alto, in vaschette di plastica preparate con vermiculite o in alternativa perlite inumidita: Il rapporto consigliato deve essere&nbsp;1:1<\/p>\n<p>Incubate ad una temperatura di c.ca 30\/31 gradi per circa 60 giorni.<\/p>\n<p>Per quanto riguarda l\u2019incubatrice potete <a href=\"https:\/\/reptyfood.com\/incubatrici-per-rettili\/155-lucky-reptile-incubatrice-herp-nursery-ii.html\" target=\"_blank\" rel=\"noreferrer noopener\">acquistarne una<\/a> o costruirne una (seguendo questo <a href=\"https:\/\/www.youtube.com\/watch?v=OJh34BtinlI\" target=\"_blank\" rel=\"noreferrer noopener\">tutorial <\/a>)<\/p>\n<figure>\n\t\t\t\t\t\t\t\t\t\t\t<a href=\"https:\/\/reptyfood.com\/incubatrici-per-rettili\/155-lucky-reptile-incubatrice-herp-nursery-ii.html\"><br \/>\n<img loading=\"lazy\" decoding=\"async\" src=\"https:\/\/reptyfood.com\/blog\/wp-content\/uploads\/2020\/03\/38466894_2182769791942274_3906285692153495552_n.jpg\" alt=\"\" srcset=\"https:\/\/reptyfood.com\/blog\/wp-content\/uploads\/2020\/03\/38466894_2182769791942274_3906285692153495552_n.jpg 306w, https:\/\/reptyfood.com\/blog\/wp-content\/uploads\/2020\/03\/38466894_2182769791942274_3906285692153495552_n-204x300.jpg 204w\" sizes=\"auto, (max-width: 306px) 100vw, 306px\" width=\"306\" height=\"450\">\t\t\t\t\t\t\t\t<\/a><figcaption>incubatrice<\/figcaption><\/figure>\n<figure>\n\t\t\t\t\t\t\t\t\t\t<img loading=\"lazy\" decoding=\"async\" src=\"https:\/\/reptyfood.com\/blog\/wp-content\/uploads\/2020\/03\/BABY-BARBATA-300x225.jpg\" alt=\"BABY BARBATA\" srcset=\"https:\/\/reptyfood.com\/blog\/wp-content\/uploads\/2020\/03\/BABY-BARBATA-300x225.jpg 300w, https:\/\/reptyfood.com\/blog\/wp-content\/uploads\/2020\/03\/BABY-BARBATA-1024x768.jpg 1024w, https:\/\/reptyfood.com\/blog\/wp-content\/uploads\/2020\/03\/BABY-BARBATA-768x576.jpg 768w, https:\/\/reptyfood.com\/blog\/wp-content\/uploads\/2020\/03\/BABY-BARBATA-1536x1152.jpg 1536w, https:\/\/reptyfood.com\/blog\/wp-content\/uploads\/2020\/03\/BABY-BARBATA-1440x1080.jpg 1440w, https:\/\/reptyfood.com\/blog\/wp-content\/uploads\/2020\/03\/BABY-BARBATA-640x480.jpg 640w, https:\/\/reptyfood.com\/blog\/wp-content\/uploads\/2020\/03\/BABY-BARBATA.jpg 2048w\" sizes=\"auto, (max-width: 300px) 100vw, 300px\" width=\"300\" height=\"225\"><figcaption>baby barbata nate nel nostro allevamento<\/figcaption><\/figure>\n<p><strong>Brumazione<\/strong><\/p>\n<p>SI consoglia per questo rettile di brumare solo esemplari adulti.<\/p>\n<p>La brumazione consente di far riposare l\u2019animale che in questo periodo si ritempra e si prepara alla riproduzione per la successiva stagione. Prima di brumare una pogona sar\u00e0 indispensabile effettuare un esame delle feci per avere la certezza che non sia parassitata<\/p>\n<p>La preparazione alla bruma durer\u00e0 dalle 6 alle 10 settimane, con uno spegnimento graduale delle luci riducendo il fotoperiodo di circa 1 ora a settimana.<\/p>\n<p>Giunti a un riduzione del fotoperiodo di 8 ore smetteremo di alimentare l\u2019animale mantenendo ancora le solite temperature per consentirgli di digerire l\u2019ultimo pasto e una ultima defecazione.<\/p>\n<p>Gli animali pronti per la brumazione dovranno essere pesati e mantenuti al buio ad una temperatura diurna di circa 19\/20\u00b0 e notturna 16\/18\u00b0. Per le successive settimane sar\u00e0 sufficiente un controllo di peso dell\u2019animale<\/p>\n<p>Al risveglio possiamo riattivare l\u2019animale con un fotoperiodo di 6 ore che verr\u00e0 riportato gradualmente (circa 1 ora la settimana) alle 12 .<\/p>\n","protected":false},"excerpt":{"rendered":"<p>Pogona Barbata, come allevarla Foto di Jules Farquhar 2017 Scheda allevamento Pogona barbata Descrizione La pogona barbata \u00e8 un sauro della famiglia degli Agamide, endemico dell\u2019Australia La pogona o drago barbuto prende il suo nome da una caratteristica che accomune tutte le sottospecie, ovvero presenta sotto il mento tutte le \u201cspine\u201d che ricordano una barba.&hellip; <br \/> <a class=\"button small blue\" href=\"https:\/\/reptyfood.com\/blog\/pogona-barbata\/\">Leggi tutto<\/a><\/p>\n","protected":false},"author":1,"featured_media":0,"parent":0,"menu_order":0,"comment_status":"closed","ping_status":"closed","template":"","meta":{"footnotes":""},"class_list":["post-509","page","type-page","status-publish","hentry"],"yoast_head":"<!-- This site is optimized with the Yoast SEO plugin v24.7 - https:\/\/yoast.com\/wordpress\/plugins\/seo\/ -->\n<title>Pogona Barbata - scheda di allevamento Reptyfood<\/title>\n<meta name=\"description\" content=\"Siamo onorati di di mettervi a disposizione la scheda di allevamento di pogona barbata da noi allevata negli scorsi anni! Continua a leggere\" \/>\n<meta name=\"robots\" content=\"index, follow, max-snippet:-1, max-image-preview:large, max-video-preview:-1\" \/>\n<link rel=\"canonical\" href=\"https:\/\/reptyfood.com\/blog\/pogona-barbata\/\" \/>\n<meta property=\"og:locale\" content=\"it_IT\" \/>\n<meta property=\"og:type\" content=\"article\" \/>\n<meta property=\"og:title\" content=\"Pogona Barbata - scheda di allevamento Reptyfood\" \/>\n<meta property=\"og:description\" content=\"Siamo onorati di di mettervi a disposizione la scheda di allevamento di pogona barbata da noi allevata negli scorsi anni! Continua a leggere\" \/>\n<meta property=\"og:url\" content=\"https:\/\/reptyfood.com\/blog\/pogona-barbata\/\" \/>\n<meta property=\"og:site_name\" content=\"Reptyfood\" \/>\n<meta property=\"article:publisher\" content=\"https:\/\/www.facebook.com\/Reptyfood-insetti-da-pastocibo-surgelato-e-attrezzatura-per-esotici-1559978360888090\/\" \/>\n<meta property=\"article:modified_time\" content=\"2020-03-06T18:25:14+00:00\" \/>\n<meta property=\"og:image\" content=\"https:\/\/reptyfood.com\/blog\/wp-content\/uploads\/2020\/03\/31654684254_8d1cac10f4_b-300x200.jpg\" \/>\n<meta name=\"twitter:card\" content=\"summary_large_image\" \/>\n<meta name=\"twitter:label1\" content=\"Tempo di lettura stimato\" \/>\n\t<meta name=\"twitter:data1\" content=\"4 minuti\" \/>\n<script type=\"application\/ld+json\" class=\"yoast-schema-graph\">{\"@context\":\"https:\/\/schema.org\",\"@graph\":[{\"@type\":\"WebPage\",\"@id\":\"https:\/\/reptyfood.com\/blog\/pogona-barbata\/\",\"url\":\"https:\/\/reptyfood.com\/blog\/pogona-barbata\/\",\"name\":\"Pogona Barbata - scheda di allevamento Reptyfood\",\"isPartOf\":{\"@id\":\"https:\/\/reptyfood.com\/blog\/#website\"},\"primaryImageOfPage\":{\"@id\":\"https:\/\/reptyfood.com\/blog\/pogona-barbata\/#primaryimage\"},\"image\":{\"@id\":\"https:\/\/reptyfood.com\/blog\/pogona-barbata\/#primaryimage\"},\"thumbnailUrl\":\"https:\/\/reptyfood.com\/blog\/wp-content\/uploads\/2020\/03\/31654684254_8d1cac10f4_b-300x200.jpg\",\"datePublished\":\"2020-03-06T18:10:50+00:00\",\"dateModified\":\"2020-03-06T18:25:14+00:00\",\"description\":\"Siamo onorati di di mettervi a disposizione la scheda di allevamento di pogona barbata da noi allevata negli scorsi anni! Continua a leggere\",\"breadcrumb\":{\"@id\":\"https:\/\/reptyfood.com\/blog\/pogona-barbata\/#breadcrumb\"},\"inLanguage\":\"it-IT\",\"potentialAction\":[{\"@type\":\"ReadAction\",\"target\":[\"https:\/\/reptyfood.com\/blog\/pogona-barbata\/\"]}]},{\"@type\":\"ImageObject\",\"inLanguage\":\"it-IT\",\"@id\":\"https:\/\/reptyfood.com\/blog\/pogona-barbata\/#primaryimage\",\"url\":\"https:\/\/reptyfood.com\/blog\/wp-content\/uploads\/2020\/03\/31654684254_8d1cac10f4_b.jpg\",\"contentUrl\":\"https:\/\/reptyfood.com\/blog\/wp-content\/uploads\/2020\/03\/31654684254_8d1cac10f4_b.jpg\",\"width\":1024,\"height\":683,\"caption\":\"pogona barbata\"},{\"@type\":\"BreadcrumbList\",\"@id\":\"https:\/\/reptyfood.com\/blog\/pogona-barbata\/#breadcrumb\",\"itemListElement\":[{\"@type\":\"ListItem\",\"position\":1,\"name\":\"Home\",\"item\":\"https:\/\/reptyfood.com\/blog\/\"},{\"@type\":\"ListItem\",\"position\":2,\"name\":\"Pogona Barbata\"}]},{\"@type\":\"WebSite\",\"@id\":\"https:\/\/reptyfood.com\/blog\/#website\",\"url\":\"https:\/\/reptyfood.com\/blog\/\",\"name\":\"Reptyfood blog\",\"description\":\"\",\"publisher\":{\"@id\":\"https:\/\/reptyfood.com\/blog\/#\/schema\/person\/15fd7136fe0db027749ed4d59f5c1541\"},\"potentialAction\":[{\"@type\":\"SearchAction\",\"target\":{\"@type\":\"EntryPoint\",\"urlTemplate\":\"https:\/\/reptyfood.com\/blog\/?s={search_term_string}\"},\"query-input\":{\"@type\":\"PropertyValueSpecification\",\"valueRequired\":true,\"valueName\":\"search_term_string\"}}],\"inLanguage\":\"it-IT\"},{\"@type\":[\"Person\",\"Organization\"],\"@id\":\"https:\/\/reptyfood.com\/blog\/#\/schema\/person\/15fd7136fe0db027749ed4d59f5c1541\",\"name\":\"admin\",\"image\":{\"@type\":\"ImageObject\",\"inLanguage\":\"it-IT\",\"@id\":\"https:\/\/reptyfood.com\/blog\/#\/schema\/person\/image\/\",\"url\":\"https:\/\/reptyfood.com\/blog\/wp-content\/uploads\/2023\/05\/My-project-13.png\",\"contentUrl\":\"https:\/\/reptyfood.com\/blog\/wp-content\/uploads\/2023\/05\/My-project-13.png\",\"width\":2560,\"height\":2560,\"caption\":\"admin\"},\"logo\":{\"@id\":\"https:\/\/reptyfood.com\/blog\/#\/schema\/person\/image\/\"},\"sameAs\":[\"https:\/\/reptyfood.com\/\",\"https:\/\/www.facebook.com\/Reptyfood-insetti-da-pastocibo-surgelato-e-attrezzatura-per-esotici-1559978360888090\/\",\"https:\/\/www.instagram.com\/reptyfood_animali_esotici\",\"https:\/\/www.youtube.com\/channel\/UCa08XN3rOWzTBdJP7jkgkCw\"]}]}<\/script>\n<!-- \/ Yoast SEO plugin. -->","yoast_head_json":{"title":"Pogona Barbata - scheda di allevamento Reptyfood","description":"Siamo onorati di di mettervi a disposizione la scheda di allevamento di pogona barbata da noi allevata negli scorsi anni! Continua a leggere","robots":{"index":"index","follow":"follow","max-snippet":"max-snippet:-1","max-image-preview":"max-image-preview:large","max-video-preview":"max-video-preview:-1"},"canonical":"https:\/\/reptyfood.com\/blog\/pogona-barbata\/","og_locale":"it_IT","og_type":"article","og_title":"Pogona Barbata - scheda di allevamento Reptyfood","og_description":"Siamo onorati di di mettervi a disposizione la scheda di allevamento di pogona barbata da noi allevata negli scorsi anni! Continua a leggere","og_url":"https:\/\/reptyfood.com\/blog\/pogona-barbata\/","og_site_name":"Reptyfood","article_publisher":"https:\/\/www.facebook.com\/Reptyfood-insetti-da-pastocibo-surgelato-e-attrezzatura-per-esotici-1559978360888090\/","article_modified_time":"2020-03-06T18:25:14+00:00","og_image":[{"url":"https:\/\/reptyfood.com\/blog\/wp-content\/uploads\/2020\/03\/31654684254_8d1cac10f4_b-300x200.jpg","type":"","width":"","height":""}],"twitter_card":"summary_large_image","twitter_misc":{"Tempo di lettura stimato":"4 minuti"},"schema":{"@context":"https:\/\/schema.org","@graph":[{"@type":"WebPage","@id":"https:\/\/reptyfood.com\/blog\/pogona-barbata\/","url":"https:\/\/reptyfood.com\/blog\/pogona-barbata\/","name":"Pogona Barbata - scheda di allevamento Reptyfood","isPartOf":{"@id":"https:\/\/reptyfood.com\/blog\/#website"},"primaryImageOfPage":{"@id":"https:\/\/reptyfood.com\/blog\/pogona-barbata\/#primaryimage"},"image":{"@id":"https:\/\/reptyfood.com\/blog\/pogona-barbata\/#primaryimage"},"thumbnailUrl":"https:\/\/reptyfood.com\/blog\/wp-content\/uploads\/2020\/03\/31654684254_8d1cac10f4_b-300x200.jpg","datePublished":"2020-03-06T18:10:50+00:00","dateModified":"2020-03-06T18:25:14+00:00","description":"Siamo onorati di di mettervi a disposizione la scheda di allevamento di pogona barbata da noi allevata negli scorsi anni! Continua a leggere","breadcrumb":{"@id":"https:\/\/reptyfood.com\/blog\/pogona-barbata\/#breadcrumb"},"inLanguage":"it-IT","potentialAction":[{"@type":"ReadAction","target":["https:\/\/reptyfood.com\/blog\/pogona-barbata\/"]}]},{"@type":"ImageObject","inLanguage":"it-IT","@id":"https:\/\/reptyfood.com\/blog\/pogona-barbata\/#primaryimage","url":"https:\/\/reptyfood.com\/blog\/wp-content\/uploads\/2020\/03\/31654684254_8d1cac10f4_b.jpg","contentUrl":"https:\/\/reptyfood.com\/blog\/wp-content\/uploads\/2020\/03\/31654684254_8d1cac10f4_b.jpg","width":1024,"height":683,"caption":"pogona barbata"},{"@type":"BreadcrumbList","@id":"https:\/\/reptyfood.com\/blog\/pogona-barbata\/#breadcrumb","itemListElement":[{"@type":"ListItem","position":1,"name":"Home","item":"https:\/\/reptyfood.com\/blog\/"},{"@type":"ListItem","position":2,"name":"Pogona Barbata"}]},{"@type":"WebSite","@id":"https:\/\/reptyfood.com\/blog\/#website","url":"https:\/\/reptyfood.com\/blog\/","name":"Reptyfood blog","description":"","publisher":{"@id":"https:\/\/reptyfood.com\/blog\/#\/schema\/person\/15fd7136fe0db027749ed4d59f5c1541"},"potentialAction":[{"@type":"SearchAction","target":{"@type":"EntryPoint","urlTemplate":"https:\/\/reptyfood.com\/blog\/?s={search_term_string}"},"query-input":{"@type":"PropertyValueSpecification","valueRequired":true,"valueName":"search_term_string"}}],"inLanguage":"it-IT"},{"@type":["Person","Organization"],"@id":"https:\/\/reptyfood.com\/blog\/#\/schema\/person\/15fd7136fe0db027749ed4d59f5c1541","name":"admin","image":{"@type":"ImageObject","inLanguage":"it-IT","@id":"https:\/\/reptyfood.com\/blog\/#\/schema\/person\/image\/","url":"https:\/\/reptyfood.com\/blog\/wp-content\/uploads\/2023\/05\/My-project-13.png","contentUrl":"https:\/\/reptyfood.com\/blog\/wp-content\/uploads\/2023\/05\/My-project-13.png","width":2560,"height":2560,"caption":"admin"},"logo":{"@id":"https:\/\/reptyfood.com\/blog\/#\/schema\/person\/image\/"},"sameAs":["https:\/\/reptyfood.com\/","https:\/\/www.facebook.com\/Reptyfood-insetti-da-pastocibo-surgelato-e-attrezzatura-per-esotici-1559978360888090\/","https:\/\/www.instagram.com\/reptyfood_animali_esotici","https:\/\/www.youtube.com\/channel\/UCa08XN3rOWzTBdJP7jkgkCw"]}]}},"_links":{"self":[{"href":"https:\/\/reptyfood.com\/blog\/wp-json\/wp\/v2\/pages\/509","targetHints":{"allow":["GET"]}}],"collection":[{"href":"https:\/\/reptyfood.com\/blog\/wp-json\/wp\/v2\/pages"}],"about":[{"href":"https:\/\/reptyfood.com\/blog\/wp-json\/wp\/v2\/types\/page"}],"author":[{"embeddable":true,"href":"https:\/\/reptyfood.com\/blog\/wp-json\/wp\/v2\/users\/1"}],"replies":[{"embeddable":true,"href":"https:\/\/reptyfood.com\/blog\/wp-json\/wp\/v2\/comments?post=509"}],"version-history":[{"count":7,"href":"https:\/\/reptyfood.com\/blog\/wp-json\/wp\/v2\/pages\/509\/revisions"}],"predecessor-version":[{"id":521,"href":"https:\/\/reptyfood.com\/blog\/wp-json\/wp\/v2\/pages\/509\/revisions\/521"}],"wp:attachment":[{"href":"https:\/\/reptyfood.com\/blog\/wp-json\/wp\/v2\/media?parent=509"}],"curies":[{"name":"wp","href":"https:\/\/api.w.org\/{rel}","templated":true}]}}